{"id":48,"date":"2019-09-10T14:16:20","date_gmt":"2019-09-10T14:16:20","guid":{"rendered":"https:\/\/test.tz-bauer.de\/?page_id=48"},"modified":"2019-09-10T14:16:20","modified_gmt":"2019-09-10T14:16:20","slug":"impressum","status":"publish","type":"page","link":"https:\/\/www.tz-bauer.de\/index.php\/impressum\/","title":{"rendered":"Impressum"},"content":{"rendered":"\n<p>\n\nAngaben gem\u00e4\u00df \u00a7 5 TMG<\/p>\n\n\n\n<p><strong>Anton Bauer GmbH<\/strong><br>Dieselstra\u00dfe 21<br>63500 Seligenstadt<\/p>\n\n\n\n<p><strong>Vertretungsberechtigte Gesch\u00e4ftsf\u00fchrer:<\/strong><br>Andreas Bauer<\/p>\n\n\n\n<p><strong>Kontakt:<\/strong><br>Telefon: +49 (0) 61 82 \/ 39 61<br>Fax: +49 (0) 61 82 \/ 29 04 50<br>Email:&nbsp;<a href=\"&#109;&#x61;&#105;&#x6c;&#116;&#x6f;&#58;&#x69;&#110;&#x66;&#111;&#x40;&#116;&#x7a;&#45;&#x62;&#97;&#x75;&#101;&#x72;&#46;&#x64;&#101;\">i&#110;&#102;&#x6f;&#x40;&#x74;z&#45;&#98;&#x61;&#x75;&#x65;r&#46;&#100;&#x65;<\/a><\/p>\n\n\n\n<p><strong>Registereintrag:<\/strong><br>Eintragung im Handelsregister<br>Registergericht: Offenbach<br>Registernummer: HRB 21603<\/p>\n\n\n\n<p><strong>Umsatzsteuer-ID:<\/strong><br>Umsatzsteuer-Identifikationsnummer gem\u00e4\u00df \u00a727a Umsatzsteuergesetz: DE113530228<\/p>\n\n\n\n<p><strong>Verantwortlich f\u00fcr den Inhalt nach \u00a7 55 Abs. 2 RStV:<\/strong><br>Andreas Bauer<br>Dieselstra\u00dfe 21<br>63500 Seligenstadt<\/p>\n\n\n\n<p><strong>T\u00dcV-cert:<\/strong><br>DIN EN ISO 9001<br>Reg.-Nr. 73 100 647<\/p>\n\n\n\n<p><strong>Informationen zum&nbsp;<a href=\"https:\/\/www.tz-bauer.de\/static\/datenschutz\">Datenschutz<\/a><\/strong><\/p>\n\n\n\n<h1 class=\"wp-block-heading\">Bilder und Grafiken<\/h1>\n\n\n\n<p>Das Layout der Homepage, die verwendeten Grafiken sowie die sonstigen Inhalte sind urheberrechtlich gesch\u00fctzt. Eine Vervielf\u00e4ltigung oder Verwendung der Texte und Grafiken in anderen elektronischen oder gedruckten Publikationen ist ohne ausdr\u00fcckliche Zustimmung nicht gestattet.<\/p>\n\n\n\n<h2 class=\"wp-block-heading\">Angaben der Quelle f\u00fcr verwendetes Bilder- und Grafikmaterial:<\/h2>\n\n\n\n<p>Header<\/p>\n\n\n\n<ul class=\"wp-block-list\"><li>Produktbilder: \u00a9 Anton Bauer GmbH<\/li><li>T\u00fcv-Logo: \u00a9 T\u00dcV Technische \u00dcberwachung Hessen GmbH<\/li><\/ul>\n\n\n\n<p>Unterseiten<\/p>\n\n\n\n<ul class=\"wp-block-list\"><li>Unterseite Qualit\u00e4t: Zertifikate: \u00a9 Anton Bauer GmbH<\/li><li>Sonstige Unterseiten: Produktbilder: \u00a9 Anton Bauer GmbH<\/li><\/ul>\n\n\n\n<h1 class=\"wp-block-heading\">Haftungsausschluss<\/h1>\n\n\n\n<h2 class=\"wp-block-heading\">Haftung f\u00fcr Inhalte<\/h2>\n\n\n\n<p>Die Inhalte unserer Seiten wurden mit gr\u00f6\u00dfter Sorgfalt erstellt. F\u00fcr die Richtigkeit, Vollst\u00e4ndigkeit und Aktualit\u00e4t der Inhalte k\u00f6nnen wir jedoch keine Gew\u00e4hr \u00fcbernehmen. Als Diensteanbieter sind wir gem\u00e4\u00df \u00a7 7 Abs.1 TMG f\u00fcr eigene Inhalte auf diesen Seiten nach den allgemeinen Gesetzen verantwortlich. Nach \u00a7\u00a7 8 bis 10 TMG sind wir als Diensteanbieter jedoch nicht verpflichtet, \u00fcbermittelte oder gespeicherte fremde Informationen zu \u00fcberwachen oder nach Umst\u00e4nden zu forschen, die auf eine rechtswidrige T\u00e4tigkeit hinweisen. Verpflichtungen zur Entfernung oder Sperrung der Nutzung von Informationen nach den allgemeinen Gesetzen bleiben hiervon unber\u00fchrt. Eine diesbez\u00fcgliche Haftung ist jedoch erst ab dem Zeitpunkt der Kenntnis einer konkreten Rechtsverletzung m\u00f6glich. Bei Bekanntwerden von entsprechenden Rechtsverletzungen werden wir diese Inhalte umgehend entfernen.<\/p>\n\n\n\n<h2 class=\"wp-block-heading\">Haftung f\u00fcr Links<\/h2>\n\n\n\n<p>Unser Angebot enth\u00e4lt Links zu externen Webseiten Dritter, auf deren Inhalte wir keinen Einfluss haben. Deshalb k\u00f6nnen wir f\u00fcr diese fremden Inhalte auch keine Gew\u00e4hr \u00fcbernehmen. F\u00fcr die Inhalte der verlinkten Seiten ist stets der jeweilige Anbieter oder Betreiber der Seiten verantwortlich. Die verlinkten Seiten wurden zum Zeitpunkt der Verlinkung auf m\u00f6gliche Rechtsverst\u00f6\u00dfe \u00fcberpr\u00fcft. Rechtswidrige Inhalte waren zum Zeitpunkt der Verlinkung nicht erkennbar. Eine permanente inhaltliche Kontrolle der verlinkten Seiten ist jedoch ohne konkrete Anhaltspunkte einer Rechtsverletzung nicht zumutbar. Bei Bekanntwerden von Rechtsverletzungen werden wir derartige Links umgehend entfernen.<\/p>\n\n\n\n<h2 class=\"wp-block-heading\">Urheberrecht<\/h2>\n\n\n\n<p>Die durch die Seitenbetreiber erstellten Inhalte und Werke auf diesen Seiten unterliegen dem deutschen Urheberrecht. Die Vervielf\u00e4ltigung, Bearbeitung, Verbreitung und jede Art der Verwertung au\u00dferhalb der Grenzen des Urheberrechtes bed\u00fcrfen der schriftlichen Zustimmung des jeweiligen Autors bzw. Erstellers. Downloads und Kopien dieser Seite sind nur f\u00fcr den privaten, nicht kommerziellen Gebrauch gestattet. Soweit die Inhalte auf dieser Seite nicht vom Betreiber erstellt wurden, werden die Urheberrechte Dritter beachtet. Insbesondere werden Inhalte Dritter als solche gekennzeichnet. Sollten Sie trotzdem auf eine Urheberrechtsverletzung aufmerksam werden, bitten wir um einen entsprechenden Hinweis. Bei Bekanntwerden von Rechtsverletzungen werden wir derartige Inhalte umgehend entfernen.<\/p>\n\n\n\n<p>Website Impressum erstellt durch&nbsp;<a href=\"http:\/\/www.impressum-generator.de\/\">impressum-generator.de<\/a>&nbsp;von der&nbsp;<a href=\"http:\/\/www.kanzlei-hasselbach.de\/\">Kanzlei Hasselbach<\/a><\/p>\n","protected":false},"excerpt":{"rendered":"<p>Angaben gem\u00e4\u00df \u00a7 5 TMG Anton Bauer GmbHDieselstra\u00dfe 2163500 Seligenstadt Vertretungsberechtigte Gesch\u00e4ftsf\u00fchrer:Andreas Bauer Kontakt:Telefon: +49 (0) 61 82 \/ 39 61Fax: +49 (0) 61 82 \/ 29 04 50Email:&nbsp;&#x69;&#110;f&#x6f;&#x40;&#116;z&#x2d;&#98;a&#x75;&#x65;&#114;&#46;&#x64;&#101; Registereintrag:Eintragung im HandelsregisterRegistergericht: OffenbachRegisternummer: HRB 21603 Umsatzsteuer-ID:Umsatzsteuer-Identifikationsnummer gem\u00e4\u00df \u00a727a Umsatzsteuergesetz: DE113530228 Verantwortlich f\u00fcr den Inhalt nach \u00a7 55 Abs. 2 RStV:Andreas BauerDieselstra\u00dfe 2163500 Seligenstadt T\u00dcV-cert:DIN EN [&hellip;]<\/p>\n","protected":false},"author":1,"featured_media":0,"parent":0,"menu_order":0,"comment_status":"closed","ping_status":"closed","template":"","meta":{"footnotes":""},"class_list":["post-48","page","type-page","status-publish","hentry"],"_links":{"self":[{"href":"https:\/\/www.tz-bauer.de\/index.php\/wp-json\/wp\/v2\/pages\/48","targetHints":{"allow":["GET"]}}],"collection":[{"href":"https:\/\/www.tz-bauer.de\/index.php\/wp-json\/wp\/v2\/pages"}],"about":[{"href":"https:\/\/www.tz-bauer.de\/index.php\/wp-json\/wp\/v2\/types\/page"}],"author":[{"embeddable":true,"href":"https:\/\/www.tz-bauer.de\/index.php\/wp-json\/wp\/v2\/users\/1"}],"replies":[{"embeddable":true,"href":"https:\/\/www.tz-bauer.de\/index.php\/wp-json\/wp\/v2\/comments?post=48"}],"version-history":[{"count":1,"href":"https:\/\/www.tz-bauer.de\/index.php\/wp-json\/wp\/v2\/pages\/48\/revisions"}],"predecessor-version":[{"id":49,"href":"https:\/\/www.tz-bauer.de\/index.php\/wp-json\/wp\/v2\/pages\/48\/revisions\/49"}],"wp:attachment":[{"href":"https:\/\/www.tz-bauer.de\/index.php\/wp-json\/wp\/v2\/media?parent=48"}],"curies":[{"name":"wp","href":"https:\/\/api.w.org\/{rel}","templated":true}]}}